{"id":1193,"date":"2024-09-18T16:42:59","date_gmt":"2024-09-18T16:42:59","guid":{"rendered":"https:\/\/gruponort.site\/?page_id=1193"},"modified":"2025-04-01T15:11:20","modified_gmt":"2025-04-01T15:11:20","slug":"inico","status":"publish","type":"page","link":"https:\/\/gruponort.com.mx\/","title":{"rendered":"INICIO"},"content":{"rendered":"<p>[et_pb_section fb_built=&#8221;1&#8243; _builder_version=&#8221;4.27.0&#8243; _module_preset=&#8221;default&#8221; use_background_color_gradient=&#8221;on&#8221; background_color_gradient_stops=&#8221;rgba(10,2,2,0.55) 0%|rgba(10,1,1,0.47) 100%&#8221; background_color_gradient_overlays_image=&#8221;on&#8221; background_image=&#8221;https:\/\/gruponort.com.mx\/wp-content\/uploads\/2024\/08\/00nemak.jpg&#8221; min_height=&#8221;294.1px&#8221; custom_padding=&#8221;118px||158px|||&#8221; global_colors_info=&#8221;{}&#8221;][et_pb_row _builder_version=&#8221;4.27.0&#8243; _module_preset=&#8221;default&#8221; custom_padding=&#8221;||30px|||&#8221; global_colors_info=&#8221;{}&#8221;][et_pb_column type=&#8221;4_4&#8243; _builder_version=&#8221;4.27.0&#8243; _module_preset=&#8221;default&#8221; global_colors_info=&#8221;{}&#8221;][et_pb_text _builder_version=&#8221;4.27.4&#8243; _module_preset=&#8221;default&#8221; header_2_text_align=&#8221;center&#8221; header_2_text_color=&#8221;#FFFFFF&#8221; header_2_font_size=&#8221;50px&#8221; custom_margin=&#8221;|168px||168px|false|true&#8221; hover_enabled=&#8221;0&#8243; header_2_text_shadow_style=&#8221;preset2&#8243; global_colors_info=&#8221;{}&#8221; header_2_font_size_last_edited=&#8221;on|phone&#8221; header_2_font_size_phone=&#8221;32px&#8221; custom_margin_last_edited=&#8221;on|phone&#8221; custom_margin_phone=&#8221;|0px||0px|false|true&#8221; sticky_enabled=&#8221;0&#8243; header_2_font_size_tablet=&#8221;50px&#8221; custom_margin_tablet=&#8221;|168px||168px|false|true&#8221;]<\/p>\n<h2 class=\"wow fadeInDown delay_02s animated animated animated animated animated\"><strong><span>Desarrollamos\u00a0 Proyectos de Infraestructura <\/span><\/strong><strong><span>Publica y Privada<\/span><\/strong><\/h2>\n<p>[\/et_pb_text][\/et_pb_column][\/et_pb_row][\/et_pb_section][et_pb_section fb_built=&#8221;1&#8243; _builder_version=&#8221;4.27.0&#8243; _module_preset=&#8221;default&#8221; global_colors_info=&#8221;{}&#8221;][et_pb_row _builder_version=&#8221;4.27.0&#8243; _module_preset=&#8221;default&#8221; global_colors_info=&#8221;{}&#8221;][et_pb_column type=&#8221;4_4&#8243; _builder_version=&#8221;4.27.0&#8243; _module_preset=&#8221;default&#8221; global_colors_info=&#8221;{}&#8221;][dipi_text_highlighter text_highlighter_text=&#8221;SERVICIOS&#8221; stroke_color=&#8221;#BF2D0D&#8221; _builder_version=&#8221;4.27.0&#8243; _module_preset=&#8221;default&#8221; global_colors_info=&#8221;{}&#8221;][\/dipi_text_highlighter][\/et_pb_column][\/et_pb_row][et_pb_row column_structure=&#8221;1_3,1_3,1_3&#8243; _builder_version=&#8221;4.27.0&#8243; _module_preset=&#8221;default&#8221; global_colors_info=&#8221;{}&#8221;][et_pb_column type=&#8221;1_3&#8243; _builder_version=&#8221;4.27.0&#8243; _module_preset=&#8221;default&#8221; global_colors_info=&#8221;{}&#8221;][et_pb_blurb title=&#8221;Reparaci\u00f3n y Mantenimiento de Naves&#8221; image=&#8221;https:\/\/gruponort.com.mx\/wp-content\/uploads\/2024\/09\/Reparacion-y-Mantenimiento-de-Naves.png&#8221; image_icon_width=&#8221;100%&#8221; _builder_version=&#8221;4.27.0&#8243; _module_preset=&#8221;default&#8221; global_colors_info=&#8221;{}&#8221;]<\/p>\n<p><span>Ofrecemos construcci\u00f3n\u00a0de naves industriales, hangares y bodegas para distintos usos como almacenamiento, log\u00edstica y maquila.<\/span><\/p>\n<p>[\/et_pb_blurb][\/et_pb_column][et_pb_column type=&#8221;1_3&#8243; _builder_version=&#8221;4.27.0&#8243; _module_preset=&#8221;default&#8221; global_colors_info=&#8221;{}&#8221;][et_pb_blurb title=&#8221;Fabricaci\u00f3n y Montaje de Estructuras Met\u00e1licas&#8221; image=&#8221;https:\/\/gruponort.com.mx\/wp-content\/uploads\/2024\/09\/Montaje-de-Estructuras-Metalicas.png&#8221; image_icon_width=&#8221;100%&#8221; _builder_version=&#8221;4.27.0&#8243; _module_preset=&#8221;default&#8221; global_colors_info=&#8221;{}&#8221;]<\/p>\n<p><span>Somos especialistas en la fabricaci\u00f3n y montaje de estructuras met\u00e1licas para los diferentes sectores industriales e inmobiliarios.<\/span><\/p>\n<p>[\/et_pb_blurb][\/et_pb_column][et_pb_column type=&#8221;1_3&#8243; _builder_version=&#8221;4.27.0&#8243; _module_preset=&#8221;default&#8221; global_colors_info=&#8221;{}&#8221;][et_pb_blurb title=&#8221;Instalaci\u00f3n y Pruebas de Tuber\u00edas&#8221; image=&#8221;https:\/\/gruponort.com.mx\/wp-content\/uploads\/2024\/09\/Pruebas-de-Tuberias.png&#8221; image_icon_width=&#8221;100%&#8221; _builder_version=&#8221;4.27.0&#8243; _module_preset=&#8221;default&#8221; global_colors_info=&#8221;{}&#8221;]<\/p>\n<p><span>Instalaci\u00f3n, modificaci\u00f3n y pruebas\u00a0de tuber\u00edas en las instalaciones del cliente, bajo normas y especificaciones aplicables<\/span><\/p>\n<p>[\/et_pb_blurb][\/et_pb_column][\/et_pb_row][et_pb_row column_structure=&#8221;1_3,1_3,1_3&#8243; _builder_version=&#8221;4.27.0&#8243; _module_preset=&#8221;default&#8221; global_colors_info=&#8221;{}&#8221;][et_pb_column type=&#8221;1_3&#8243; _builder_version=&#8221;4.27.0&#8243; _module_preset=&#8221;default&#8221; global_colors_info=&#8221;{}&#8221;][et_pb_blurb title=&#8221;Soldadura, Herrer\u00eda y Pailer\u00eda Industrial&#8221; image=&#8221;https:\/\/gruponort.com.mx\/wp-content\/uploads\/2024\/09\/Soldadura-Herreria-y-Paileria-Industrial.png&#8221; image_icon_width=&#8221;100%&#8221; _builder_version=&#8221;4.27.0&#8243; _module_preset=&#8221;default&#8221; global_colors_info=&#8221;{}&#8221;]<\/p>\n<p><span>Servicios de soldadura en trabajos de acero al carb\u00f3n, acero inoxidable y aleaci\u00f3n\u00a0de acuerdo a normas AWS, ASME y API.<\/span><\/p>\n<p>[\/et_pb_blurb][\/et_pb_column][et_pb_column type=&#8221;1_3&#8243; _builder_version=&#8221;4.27.0&#8243; _module_preset=&#8221;default&#8221; global_colors_info=&#8221;{}&#8221;][et_pb_blurb title=&#8221;Fabricaci\u00f3n de Tanques Met\u00e1licos&#8221; image=&#8221;https:\/\/gruponort.com.mx\/wp-content\/uploads\/2024\/09\/Fabricacion-de-Tanques-Metalicos.png&#8221; image_icon_width=&#8221;100%&#8221; _builder_version=&#8221;4.27.0&#8243; _module_preset=&#8221;default&#8221; global_colors_info=&#8221;{}&#8221;]<\/p>\n<p><span>Fabricaci\u00f3n\u00a0de Tanques\u00a0Met\u00e1licos para\u00a0hidrocarburos, productos qu\u00edmicos\u00a0y polvos.<\/span><\/p>\n<p>[\/et_pb_blurb][\/et_pb_column][et_pb_column type=&#8221;1_3&#8243; _builder_version=&#8221;4.27.0&#8243; _module_preset=&#8221;default&#8221; global_colors_info=&#8221;{}&#8221;][et_pb_blurb title=&#8221;Sand-Blast y Recubrimientos&#8221; image=&#8221;https:\/\/gruponort.com.mx\/wp-content\/uploads\/2024\/09\/Sand-Blast.png&#8221; image_icon_width=&#8221;100%&#8221; _builder_version=&#8221;4.27.0&#8243; _module_preset=&#8221;default&#8221; global_colors_info=&#8221;{}&#8221;]<\/p>\n<p><span>Limpieza con chorro de arena s\u00edlica a metal blanco de estructuras y tuber\u00edas para su posterior recubrimiento.<\/span><\/p>\n<p>[\/et_pb_blurb][\/et_pb_column][\/et_pb_row][et_pb_row column_structure=&#8221;1_3,1_3,1_3&#8243; _builder_version=&#8221;4.27.0&#8243; _module_preset=&#8221;default&#8221; global_colors_info=&#8221;{}&#8221;][et_pb_column type=&#8221;1_3&#8243; _builder_version=&#8221;4.27.0&#8243; _module_preset=&#8221;default&#8221; global_colors_info=&#8221;{}&#8221;][et_pb_blurb title=&#8221;Corte con plasma y oxicorte con pant\u00f3grafo CNC&#8221; image=&#8221;https:\/\/gruponort.com.mx\/wp-content\/uploads\/2024\/09\/PANTOGRAFO.png&#8221; image_icon_width=&#8221;100%&#8221; _builder_version=&#8221;4.27.0&#8243; _module_preset=&#8221;default&#8221; global_colors_info=&#8221;{}&#8221;]<\/p>\n<p style=\"font-weight: 400;\">En GRUPO NORT; contamos con las instalaciones e Infraestructura necesaria para la fabricaci\u00f3n de sus productos<\/p>\n<p style=\"font-weight: 400;\">[\/et_pb_blurb][\/et_pb_column][et_pb_column type=&#8221;1_3&#8243; _builder_version=&#8221;4.27.0&#8243; _module_preset=&#8221;default&#8221; global_colors_info=&#8221;{}&#8221;][et_pb_blurb title=&#8221;Espuela de Ferrocarril &#8221; url=&#8221;http:\/\/www.espueladeferrocarril.com&#8221; image=&#8221;https:\/\/gruponort.com.mx\/wp-content\/uploads\/2024\/09\/Diseno-sin-titulo-3.png&#8221; image_icon_width=&#8221;100%&#8221; _builder_version=&#8221;4.27.0&#8243; _module_preset=&#8221;default&#8221; body_line_height=&#8221;1em&#8221; link_option_url=&#8221;www.espueladeferrocarril.com&#8221; global_colors_info=&#8221;{}&#8221;]<\/p>\n<p><span class=\"gBYvFf C9DxTc \">Servicios de Carga y Descarga de vagones de Ferrocarril, materias primas, almacenaje y log\u00edstica<\/span><\/p>\n<ul class=\"n8H08c UVNKR \">\n<li dir=\"ltr\" class=\"zfr3Q TYR86d eD0Rn \">\n<p dir=\"ltr\" role=\"presentation\" class=\"zfr3Q CDt4Ke \"><span class=\"gBYvFf C9DxTc \">Carga y Descarga de vagones<\/span><\/p>\n<\/li>\n<li dir=\"ltr\" class=\"zfr3Q TYR86d eD0Rn \">\n<p dir=\"ltr\" role=\"presentation\" class=\"zfr3Q CDt4Ke \"><span class=\"gBYvFf C9DxTc \">Almacenaje y Centro de distribuci\u00f3n\u00a0<\/span><\/p>\n<\/li>\n<li dir=\"ltr\" class=\"zfr3Q TYR86d eD0Rn \">\n<p dir=\"ltr\" role=\"presentation\" class=\"zfr3Q CDt4Ke \"><span class=\"gBYvFf C9DxTc \">Log\u00edstica<\/span><\/p>\n<\/li>\n<li dir=\"ltr\" class=\"zfr3Q TYR86d eD0Rn \">\n<p dir=\"ltr\" role=\"presentation\" class=\"zfr3Q CDt4Ke \"><span class=\"gBYvFf C9DxTc \">Trasvase<\/span><\/p>\n<\/li>\n<li dir=\"ltr\" class=\"zfr3Q TYR86d eD0Rn \">\n<p dir=\"ltr\" role=\"presentation\" class=\"zfr3Q CDt4Ke \"><span class=\"gBYvFf C9DxTc \">Cross Dock<\/span><\/p>\n<\/li>\n<li dir=\"ltr\" class=\"zfr3Q TYR86d eD0Rn \">\n<p dir=\"ltr\" role=\"presentation\" class=\"zfr3Q CDt4Ke \"><span class=\"gBYvFf C9DxTc \">Reparaci\u00f3n y Pintura de Carros<\/span><\/p>\n<\/li>\n<\/ul>\n<p style=\"font-weight: 400;\">[\/et_pb_blurb][\/et_pb_column][et_pb_column type=&#8221;1_3&#8243; _builder_version=&#8221;4.27.0&#8243; _module_preset=&#8221;default&#8221; global_colors_info=&#8221;{}&#8221;][\/et_pb_column][\/et_pb_row][\/et_pb_section][et_pb_section fb_built=&#8221;1&#8243; _builder_version=&#8221;4.27.0&#8243; _module_preset=&#8221;default&#8221; global_colors_info=&#8221;{}&#8221;][et_pb_row _builder_version=&#8221;4.27.0&#8243; _module_preset=&#8221;default&#8221; global_colors_info=&#8221;{}&#8221;][et_pb_column type=&#8221;4_4&#8243; _builder_version=&#8221;4.27.0&#8243; _module_preset=&#8221;default&#8221; global_colors_info=&#8221;{}&#8221;][et_pb_slider _builder_version=&#8221;4.27.0&#8243; _module_preset=&#8221;default&#8221; background_color=&#8221;#0B2154&#8243; custom_padding=&#8221;3px||33px|||&#8221; global_colors_info=&#8221;{}&#8221;][et_pb_slide heading=&#8221;Grupo Nort S.A. de C.V.&#8221; image=&#8221;https:\/\/gruponort.com.mx\/wp-content\/uploads\/2024\/09\/Reparacion-y-Mantenimiento-de-Naves.png&#8221; _builder_version=&#8221;4.27.0&#8243; _module_preset=&#8221;default&#8221; header_font_size=&#8221;30px&#8221; body_text_align=&#8221;left&#8221; body_font_size=&#8221;14px&#8221; body_line_height=&#8221;1.4em&#8221; global_colors_info=&#8221;{}&#8221; sticky_transition=&#8221;on&#8221;]<\/p>\n<p>GRUPO NORT, S.A. DE C.V. se funda en 1989 por el Ing. Jes\u00fas Heriberto Gonz\u00e1lez Pe\u00f1a como una empresa multidisciplinaria con experiencia en las \u00e1reas civil, electromec\u00e1nico, instrumentaci\u00f3n y Pailer\u00eda especializada.<\/p>\n<p>Cuenta con una organizaci\u00f3n flexible capaz de adaptarse a los diferentes tiempos y circunstancias, lo que permite trabajar inclusive en los lugares m\u00e1s remotos, en funci\u00f3n del crecimiento y necesidades actuales.<\/p>\n<p>&nbsp;<\/p>\n<div class=\"sm-row-fluid smue-row sme-dsbl-margin-left sme-dsbl-margin-right\">\n<div class=\"sm-span12 smue-clmn sme-dsbl-margin-left sme-dsbl-margin-right\">\n<div class=\"smue-text-obj\">\n<h4>Control de Calidad<\/h4>\n<\/div>\n<\/div>\n<\/div>\n<div class=\"sm-row-fluid smue-row sme-dsbl-margin-left sme-dsbl-margin-right\">\n<div class=\"sm-span12 smue-clmn sme-dsbl-margin-left sme-dsbl-margin-right\">\n<div class=\"smue-list-obj smue-list-obj-basic \">\n<p>En GRUPO NORT, S.A. DE C.V. estamos comprometidos con la calidad, para la total satisfacci\u00f3n de nuestros clientes en cumplimiento con las normas c\u00f3digos y especificaciones indicadas. Para esto respaldamos la calidad de nuestros productos al contar con la certificaci\u00f3n ASME.<\/p>\n<p>Contamos con un sistema de verificaci\u00f3n internas para as\u00ed, poder identificar nuestras necesidades y efectuar las correcciones necesarias de manera optima.<\/p>\n<\/div>\n<\/div>\n<\/div>\n<p>[\/et_pb_slide][et_pb_slide image=&#8221;https:\/\/gruponort.com.mx\/wp-content\/uploads\/2024\/08\/Proyectos2.jpg&#8221; _builder_version=&#8221;4.27.0&#8243; _module_preset=&#8221;default&#8221; body_text_align=&#8221;justify&#8221; body_font_size=&#8221;14px&#8221; custom_padding=&#8221;32px||||false|false&#8221; global_colors_info=&#8221;{}&#8221; sticky_transition=&#8221;on&#8221;]<\/p>\n<h2><span><strong>GRUPO NORT, S.A. DE C.V. <\/strong><\/span><\/h2>\n<p><span>Nuestra meta es seguir creciendo y nuestra prioridad es mantener la eficiencia de nuestros servicios a la satisfacci\u00f3n total de nuestros clientes.<\/span><\/p>\n<p><span>El compromiso de cada uno de los que integramos la empresa\u00a0<strong>GRUPO NORT, S.A. DE C.V.\u00a0<\/strong>es desarrollar nuestro trabajo con un autentico logro de calidad. Con este fin, desde el mes de Abril de 2000, nuestra empresa cuenta con la certificaci\u00f3n\u00a0<strong>ISO9002.<\/strong><\/span><\/p>\n<p><span>Somos proveedores calificados en el \u00e1rea Metal Mec\u00e1nica, a precios competitivos y garantizando un producto de la mas alta calidad, pues contamos con maquinaria de alta precisi\u00f3n para cumplir con estrictas normas de fabricaci\u00f3n y de control de calidad, contamos adem\u00e1s con un departamento de ingenier\u00eda, para la realizaci\u00f3n de la ingenier\u00eda de dise\u00f1o, b\u00e1sica y de taller. Siendo una empresa 100% mexicana que cuenta con la divisi\u00f3n de Paileria especializada, maquinados especiales, y m\u00e1quinas herramientas necesarias para la realizaci\u00f3n de los trabajos. Estamos\u00a0 ubicados estrat\u00e9gicamente en la misma zona para abatir los costos y precios.\u00a0<\/span><\/p>\n<p><span>Agradecemos a nuestros clientes la confianza depositada en nuestra empresa y ponemos a su disposici\u00f3n nuestra experiencia capacidad t\u00e9cnica y el deseo de servirles.<\/span><\/p>\n<p>[\/et_pb_slide][\/et_pb_slider][\/et_pb_column][\/et_pb_row][\/et_pb_section][et_pb_section fb_built=&#8221;1&#8243; _builder_version=&#8221;4.27.0&#8243; _module_preset=&#8221;default&#8221; global_colors_info=&#8221;{}&#8221;][et_pb_row _builder_version=&#8221;4.27.0&#8243; _module_preset=&#8221;default&#8221; global_colors_info=&#8221;{}&#8221;][et_pb_column type=&#8221;4_4&#8243; _builder_version=&#8221;4.27.0&#8243; _module_preset=&#8221;default&#8221; global_colors_info=&#8221;{}&#8221;][dipi_text_highlighter text_highlighter_text=&#8221;Proyectos&#8221; stroke_color=&#8221;#ff0000&#8243; _builder_version=&#8221;4.27.0&#8243; _module_preset=&#8221;default&#8221; locked=&#8221;off&#8221; global_colors_info=&#8221;{}&#8221;][\/dipi_text_highlighter][dipi_masonry_gallery gallery_ids=&#8221;1170,1158,1151,1155,993,1000,983,980,855,853,851,806,1164,1162&#8243; _builder_version=&#8221;4.27.4&#8243; _module_preset=&#8221;default&#8221; hover_enabled=&#8221;0&#8243; global_colors_info=&#8221;{}&#8221; image_count_last_edited=&#8221;on|phone&#8221; image_count_phone=&#8221;-1&#8243; use_thumbnails=&#8221;on&#8221; sticky_enabled=&#8221;0&#8243;][\/dipi_masonry_gallery][\/et_pb_column][\/et_pb_row][\/et_pb_section][et_pb_section fb_built=&#8221;1&#8243; _builder_version=&#8221;4.27.0&#8243; _module_preset=&#8221;default&#8221; global_colors_info=&#8221;{}&#8221;][et_pb_row _builder_version=&#8221;4.27.0&#8243; _module_preset=&#8221;default&#8221; global_colors_info=&#8221;{}&#8221;][et_pb_column type=&#8221;4_4&#8243; _builder_version=&#8221;4.27.0&#8243; _module_preset=&#8221;default&#8221; global_colors_info=&#8221;{}&#8221;][dipi_text_highlighter text_highlighter_text=&#8221;CLIENTES&#8221; stroke_color=&#8221;#ff0000&#8243; _builder_version=&#8221;4.27.0&#8243; _module_preset=&#8221;default&#8221; locked=&#8221;off&#8221; global_colors_info=&#8221;{}&#8221;][\/dipi_text_highlighter][dsm_image_carousel gallery_ids=&#8221;3130,3131,3132,3133,3134,3135,3136,3137,3138,3139&#8243; _builder_version=&#8221;4.27.0&#8243; _module_preset=&#8221;default&#8221; global_colors_info=&#8221;{}&#8221;][\/dsm_image_carousel][\/et_pb_column][\/et_pb_row][\/et_pb_section][et_pb_section fb_built=&#8221;1&#8243; fullwidth=&#8221;on&#8221; _builder_version=&#8221;4.27.0&#8243; _module_preset=&#8221;default&#8221; global_colors_info=&#8221;{}&#8221;][et_pb_fullwidth_code _builder_version=&#8221;4.27.0&#8243; _module_preset=&#8221;default&#8221; global_colors_info=&#8221;{}&#8221;]<iframe src=\"https:\/\/www.google.com\/maps\/embed?pb=!1m18!1m12!1m3!1d3597.9282100474275!2d-99.9979480248223!3d25.60730167744924!2m3!1f0!2f0!3f0!3m2!1i1024!2i768!4f13.1!3m3!1m2!1s0x8662dbf895147269%3A0x1bb031b2c3922638!2sGrupo%20Nort%20S.A.%20de%20C.V.%20y%20B%C3%A1scula%20Publica!5e0!3m2!1ses-419!2smx!4v1726676247233!5m2!1ses-419!2smx\" width=\"100%\" height=\"450\" style=\"border:0;\" allowfullscreen=\"\" loading=\"lazy\" referrerpolicy=\"no-referrer-when-downgrade\"><\/iframe>[\/et_pb_fullwidth_code][\/et_pb_section]<\/p>\n","protected":false},"excerpt":{"rendered":"<p>Desarrollamos\u00a0 Proyectos de Infraestructura Publica y Privada<div class=\"et_pb_module dipi_text_highlighter dipi_text_highlighter_0\">\n\t\t\t\t\n\t\t\t\t\n\t\t\t\t\n\t\t\t\t\n\t\t\t\t\n\t\t\t\t\n\t\t\t\t<div class=\"et_pb_module_inner\">\n\t\t\t\t\t<h2 class=\"dipi-highlight-text-wrapper\" data-config=\"{&quot;animation_start&quot;:&quot;in_a_viewport&quot;,&quot;animation_start_viewport&quot;:&quot;75%&quot;,&quot;animation_delay&quot;:&quot;0ms&quot;,&quot;animation_duration&quot;:&quot;800ms&quot;,&quot;delay_after_animation&quot;:&quot;3000ms&quot;,&quot;repeat_mode&quot;:&quot;infinite&quot;,&quot;count_mode&quot;:&quot;everytime_in_viewport&quot;,&quot;animation_repeat_counts&quot;:&quot;3&quot;,&quot;reverse_animation&quot;:&quot;off&quot;,&quot;id&quot;:&quot;dipi_text_highlighter_0_wrapper&quot;}\">\n\t\t\t\t\t<span class=\"dipi-text-highlight-wrapper {&quot;animation_start&quot;:&quot;in_a_viewport&quot;,&quot;animation_start_viewport&quot;:&quot;75%&quot;,&quot;animation_delay&quot;:&quot;0ms&quot;,&quot;animation_duration&quot;:&quot;800ms&quot;,&quot;delay_after_animation&quot;:&quot;3000ms&quot;,&quot;repeat_mode&quot;:&quot;infinite&quot;,&quot;count_mode&quot;:&quot;everytime_in_viewport&quot;,&quot;animation_repeat_counts&quot;:&quot;3&quot;,&quot;reverse_animation&quot;:&quot;off&quot;,&quot;id&quot;:&quot;dipi_text_highlighter_0_wrapper&quot;}\"><span class=\"dipi-text-highlight-text dipi-text-highlight-text\">SERVICIOS<\/span><span class=\"dipi-text-highlight-svg\"><svg xmlns=\"http:\/\/www.w3.org\/2000\/svg\" viewBox=\"0 0 500 150\" preserveAspectRatio=\"none\"><path d=\"M7.7,145.6C109,125,299.9,116.2,401,121.3c42.1,2.2,87.6,11.8,87.3,25.7\"><\/path><\/svg><\/span><\/span>\n\t\t\t<\/h2>\n\t\t\t\t<\/div>\n\t\t\t<\/div>Ofrecemos construcci\u00f3n\u00a0de naves industriales, hangares y bodegas para distintos usos como almacenamiento, log\u00edstica y maquila.Somos especialistas en la fabricaci\u00f3n y montaje de estructuras met\u00e1licas para los diferentes sectores industriales e inmobiliarios.Instalaci\u00f3n, modificaci\u00f3n y pruebas\u00a0de tuber\u00edas en las instalaciones del cliente, bajo normas y especificaciones [&hellip;]<\/p>\n","protected":false},"author":1,"featured_media":0,"parent":0,"menu_order":0,"comment_status":"closed","ping_status":"closed","template":"","meta":{"_et_pb_use_builder":"on","_et_pb_old_content":"","_et_gb_content_width":"","footnotes":""},"dipi_cpt_category":[],"class_list":["post-1193","page","type-page","status-publish","hentry"],"_links":{"self":[{"href":"https:\/\/gruponort.com.mx\/index.php\/wp-json\/wp\/v2\/pages\/1193","targetHints":{"allow":["GET"]}}],"collection":[{"href":"https:\/\/gruponort.com.mx\/index.php\/wp-json\/wp\/v2\/pages"}],"about":[{"href":"https:\/\/gruponort.com.mx\/index.php\/wp-json\/wp\/v2\/types\/page"}],"author":[{"embeddable":true,"href":"https:\/\/gruponort.com.mx\/index.php\/wp-json\/wp\/v2\/users\/1"}],"replies":[{"embeddable":true,"href":"https:\/\/gruponort.com.mx\/index.php\/wp-json\/wp\/v2\/comments?post=1193"}],"version-history":[{"count":21,"href":"https:\/\/gruponort.com.mx\/index.php\/wp-json\/wp\/v2\/pages\/1193\/revisions"}],"predecessor-version":[{"id":3189,"href":"https:\/\/gruponort.com.mx\/index.php\/wp-json\/wp\/v2\/pages\/1193\/revisions\/3189"}],"wp:attachment":[{"href":"https:\/\/gruponort.com.mx\/index.php\/wp-json\/wp\/v2\/media?parent=1193"}],"wp:term":[{"taxonomy":"dipi_cpt_category","embeddable":true,"href":"https:\/\/gruponort.com.mx\/index.php\/wp-json\/wp\/v2\/dipi_cpt_category?post=1193"}],"curies":[{"name":"wp","href":"https:\/\/api.w.org\/{rel}","templated":true}]}}